1. Let v(g) = -6*o(g) - x(g). What are the prime factors of v(-5)?
59
Suppose 3*c - 5*m - 20 = 0, 2*m + 4 = -2*m. Let o(d) be the second derivative of 5*d**4/12 - d**3/6 + 11*d**2/2 - 16*d. What are the prime factors of o(c)?
131
Let z = 97 - -28. Let r = -668 + z. What are the prime factors of (-60)/(-150) - r*(-2)/(-10)?
109
Let d(f) = 3*f + 66. Let t be d(-21). Let a = 54 + -49. Suppose 0 = t*o + a*o - 952. What are the prime factors of o?
7, 17
Let o be 18/24*(-24)/(-6). Suppose 4*i = -2*k + 1560, -o*k + 2468 = 5*i + 518. List the prime factors of i.
2, 3, 5, 13
Let d = 162 - 163. List the prime factors of 1852/12 + d/3*-2.
5, 31
Let j = 92 - 88. Suppose -j*v = 11*v. Suppose v = -2*d + 3*m + 109, -4*m + 2*m - 171 = -3*d. List the prime factors of d.
59
Let d = -10 + 26. Suppose 12*l - d*l = -76. Suppose 31 - l = 2*t. What are the prime factors of t?
2, 3
Let h(r) = 19 + 8*r - 4*r**3 - 11*r**3 - 45*r**2 + 48*r**2. List the prime factors of h(-3).
7, 61
Let h = 477 + -149. Let r = h + 11. What are the prime factors of r?
3, 113
List the prime factors of 6 + 27/(-18)*64168/(-6).
2, 17, 59
Let f be 4/(-18) - ((-1784)/(-72) + 3). What are the prime factors of (-24292)/f + (-24)/42?
3, 17
Suppose -14*r - 3211510 = -339*r + 2183165. List the prime factors of r.
3, 11, 503
List the prime factors of (161986/(-259))/((-4)/84).
2, 3, 11, 199
Let r(d) = 3*d**3 - 10*d + 58717. List the prime factors of r(0).
71, 827
Let y(k) = -k**3 - 6*k**2 - 10*k. Let j be (10/(-4) - -4) + (-11)/2. Let v be y(j). Let m = v + 17. What are the prime factors of m?
5
Let t(a) = -a**3 - 8*a**2 - 11*a + 4. Let z(m) = -2*m**2 + 30*m - 8. Let d be z(15). List the prime factors of t(d).
2, 23
Let u = 1110 - -1744. What are the prime factors of u?
2, 1427
Let s(d) = 2*d**3 + 5*d**2 - 29*d + 55. Let o(g) = -5*g**3 - 15*g**2 + 87*g - 164. Let b(q) = 3*o(q) + 8*s(q). List the prime factors of b(10).
2, 3, 41
Suppose 3*f - 5*w = -3907, -3*w - w - 6524 = 5*f. What are the prime factors of (1 - 0)/(-1 - f/1300)?
5, 13
Let l = 13611 + -2874. What are the prime factors of l?
3, 1193
Let l be (-177)/(-4) - (-1)/(-9 - -5). Suppose 129*g = 131*g - l. List the prime factors of g.
2, 11
Let w(q) = 983*q - 1338. List the prime factors of w(10).
2, 11, 193
Let i = 577 - 1277. Let s = i + 1166. What are the prime factors of s?
2, 233
Let c(a) = -a - 3. Let b be c(-7). Suppose -4*y = -p - 180, -45 = -y + b*p + p. Suppose 66 = q - y. List the prime factors of q.
3, 37
Suppose 0 = 4*v - 4*m - 49647 - 27681, 3*m = -4*v + 77293. Suppose 13*p = v - 4585. Suppose -x - p = -5*d, 7*d - 5*x = 6*d + 222. List the prime factors of d.
227
Let u = -408 + 85. Let p = 1074 + u. List the prime factors of p.
751
Suppose 168*p = 75*p - 112*p + 15531210. List the prime factors of p.
2, 3, 23, 61
Suppose -623974 = -77*s + 777580. List the prime factors of s.
2, 19, 479
Suppose 731 = 4*v - 181. Let g(d) = -d**2 - 20*d - 51. Let s be g(-3). Suppose s*y - v = -6*y. What are the prime factors of y?
2, 19
Suppose -4*j - j = -2*x - 40, -4*x = 20. Suppose -j*i = -339 - 2787. Suppose -2*v + 2*d = v - i, 0 = -2*v - 3*d + 343. List the prime factors of v.
173
Suppose -9*m = -14*m + 820. Let w = 81 + m. List the prime factors of w.
5, 7
Let h = -4686 - -9769. List the prime factors of h.
13, 17, 23
Suppose 16*c = 11*c + 5*u - 45, 4 = 4*u. What are the prime factors of 24/(-16) - 5476/c?
683
Suppose -30 = 2*t + 4*d, 2*t + 2*t = 2*d - 30. Suppose -4*y - 5 = 3. List the prime factors of ((-228)/t)/(y/(-3)).
2, 19
What are the prime factors of 1079415/18 + 9*8/16?
2, 11, 29, 47
Suppose 3*t = 179 + 325. Suppose 14 = 3*i + u - 4, 0 = 5*i - 3*u - 44. Suppose i*k - k = t. What are the prime factors of k?
2, 7
Let m(w) = 210*w + 8. Let z(b) = -417*b - 15. Let q(f) = -7*m(f) - 3*z(f). List the prime factors of q(-4).
5, 173
Let m = -22733 - -22792. What are the prime factors of m?
59
Let f(n) = n**3 + 3*n**2 + 3*n - 32. Let t be f(0). Let o = t - -32. What are the prime factors of 3 - o - 9/(54/(-1794))?
2, 151
Let h = -360 - -481. Let w = h + 50. What are the prime factors of w?
3, 19
Suppose 2*x = 5*c - 2*x + 74, -4*x = c + 34. Let d = c - -48. Suppose 6 = 2*o - d. What are the prime factors of o?
2, 3
List the prime factors of 49503/3 - (26 - 29).
2, 2063
Let k(z) be the first derivative of 5*z**4/12 + z**3/2 + 19*z**2/2 - 14. Let i(u) be the second derivative of k(u). What are the prime factors of i(4)?
43
Let z = 34 - 21. Suppose -34 = -h + z. Suppose 2*o - 110 = 2*s, 0 = -o + 3*s + h. What are the prime factors of o?
59
Let z(f) = 4*f**3 - 3*f**2 - 6*f + 12. Let g(p) = -4*p - 18. Let m be g(-6). Let w(r) = r - 3. Let h be w(m). List the prime factors of z(h).
3, 5
Let m(b) be the third derivative of -16*b**2 - 5/6*b**3 - 2/3*b**4 + 0*b + 0. What are the prime factors of m(-3)?
43
What are the prime factors of (1 + 225)/1*(0 - (-206)/4)?
103, 113
Suppose c - 3 = 14. Suppose -67 = -s + c. What are the prime factors of s?
2, 3, 7
Suppose -z + 4*j - 3*j = 13, -4*j - 16 = 0. Let k = 878 + -779. Let x = k + z. What are the prime factors of x?
2, 41
Suppose -919276 = -127*q + 2207845. List the prime factors of q.
24623
Let s be (0 + -6)/(1 + 678/(-666)). Suppose -1 + s = q. What are the prime factors of q?
2, 83
Let g = 19169 + -14329. List the prime factors of g.
2, 5, 11
Let a be 3/24 + 2/(-16). Suppose -6*k + 120 = -a*k. What are the prime factors of (150/(-12))/((-2)/k) - -1?
2, 3, 7
Let y(d) = -575*d - 179. Let b be y(-11). Suppose 0 = 11*f - 223 - b. What are the prime factors of f?
3, 193
Let t(i) = 13*i**2 - 7*i + 975. List the prime factors of t(24).
3, 5, 7, 79
Let t(f) = -549*f**2 - 6*f + 6. Let b(i) = 366*i**2 + 4*i - 4. Let l(q) = -7*b(q) - 5*t(q). Suppose 26*a = 31*a - 5. List the prime factors of l(a).
3, 61
Suppose u = b - 12 - 8, -2*b = -5*u - 100. What are the prime factors of 336/(-420) + 14/u*-1334?
3, 311
Suppose -2*d - 756 = 5*p, 5*d = -p - 0*d - 165. Let t = p + 840. Suppose 10*l - t = 10. What are the prime factors of l?
2, 5, 7
Suppose c - 4 = -2*i - 2*i, -c = -3*i + 10. Suppose 5*b - 4*b = -i*b. Suppose f = 5*k - b*f - 1021, 0 = 2*k - f - 409. List the prime factors of k.
2, 3, 17
Let x(r) = -2*r - 9. Let g be x(-5). Suppose 5*w + 0 = k - g, -w = 3*k - 3. List the prime factors of (-2 - k) + 2 - (-108 + -5).
2, 7
Let w(s) = -11*s + s**2 + 5 - 11*s**2 + 2*s**3 - 10*s + 19*s. Let p be w(8). Suppose 3*q - 146 = 4*u, p = 5*q - 3*u + 137. List the prime factors of q.
2, 23
Let a = 7068 + -4622. List the prime factors of a.
2, 1223
Let f(g) = -5*g - 63. Let a(x) = 20 + 4*x + 9 - 2 + 34. Let m(n) = 3*a(n) + 2*f(n). What are the prime factors of m(28)?
113
Suppose -7*f = 10 - 24. Suppose -5*i + f*n = -2727, 469 = -4*i - 2*n + 2647. List the prime factors of i.
5, 109
Suppose x - 7 = -3*u - 0*x, 4*u - 5*x - 41 = 0. Suppose -u*k + 87 = 243. Let s = 117 + k. List the prime factors of s.
2, 3, 13
Let q(j) = j**2 + 8*j - 11. Let x be q(-10). Suppose x*p = 6800 + 211. What are the prime factors of p?
19, 41
Suppose 5*d = -h + 11173, 5*d + 32736 = 3*h - 863. List the prime factors of h.
3, 7, 13, 41
What are the prime factors of (-58518)/12*(-66)/99?
3251
Suppose 3*y - 4 = 2*r - 0, 5*y = 20. Let w be (-44)/(-55)*10/4. Suppose 4*p + 12 = r*n, -6 = w*p - 14. What are the prime factors of n?
7
Let x(r) = -6*r**3 - 5*r**2 + 8*r - 8. Let a be x(-8). Let v = a - 1680. Suppose -v = 9*w - 13*w. List the prime factors of w.
2, 5
Suppose -19*d + 10*d + 23985 = 0. Suppose -p + g + 90 = -441, 5*p - d = -5*g. What are the prime factors of p?
2, 7, 19
Let d = 37 - -5. Suppose d = q + 21. Suppose -n + q = t, -4*t = 5*n + 22 - 131. What are the prime factors of n?
5
Let t(s) = 10*s**3 - 6*s**2 - 5*s - 9. Let u be t(-3). Let w = u - -686. What are the prime factors of w?
2, 23
Let h(z) = -4*z**3 - 7*z**2 - 6*z - 5. Let l be 9 + -9 - ((-243)/(-3) - -1). Let a = 78 + l. List the prime factors of h(a).
163
Let l be -2 - (-2 - 1 - 3). Suppose 588 + 924 = l*h. List the prime factors of h.
2, 3, 7
Let z be (-3)/6 + (-247)/(-38). Suppose -48343 = -35*h + z*h. List the prime factors of h.
1667
Let a(v) = -26*v + 124. Let n be a(4). What are the prime factors of (-4170)/(-50) + (-8)/n?
83
Let p = -242 - -250. Suppose -3*u - 5*q = -834, -4*u - 3